visor of 133344574 and 803?
803
What is the greatest common divisor of 803 and 12133539?
11
Calculate the greatest common factor of 807534 and 1171674.
2142
What is the highest common divisor of 3804334 and 114938?
1138
What is the greatest common factor of 29852 and 35?
1
What is the greatest common factor of 21514 and 3817?
347
Calculate the greatest common divisor of 60 and 6027936.
12
Calculate the greatest common factor of 268144366 and 238.
238
Calculate the highest common factor of 1878972 and 144.
12
Calculate the highest common divisor of 35602860 and 300.
60
Calculate the highest common divisor of 976 and 201442862.
122
What is the highest common factor of 79660 and 4874054?
1138
What is the greatest common factor of 12698938 and 4949?
49
What is the highest common factor of 3279 and 35009883?
3279
Calculate the highest common factor of 36300 and 2800.
100
Calculate the greatest common divisor of 355898570 and 510.
170
What is the greatest common factor of 162988601 and 452?
113
Calculate the greatest common divisor of 227506 and 46246.
38
Calculate the greatest common factor of 604 and 181781954.
302
What is the highest common divisor of 1700071 and 445129?
5363
Calculate the greatest common divisor of 7198 and 58984011.
3599
What is the greatest common divisor of 128 and 47954304?
128
What is the highest common divisor of 11817 and 8801?
13
What is the greatest common divisor of 5040 and 495460?
140
Calculate the greatest common divisor of 12750 and 873500.
250
What is the greatest common divisor of 10547 and 51541?
199
Calculate the greatest common factor of 756812 and 2423302.
2506
Calculate the highest common factor of 1488 and 90620967.
93
Calculate the highest common divisor of 183618 and 1566.
18
Calculate the greatest common factor of 1207 and 87330710.
71
What is the greatest common divisor of 46884 and 711?
3
Calculate the highest common factor of 1150 and 311232182.
46
What is the greatest common factor of 12525128 and 32?
8
What is the greatest common divisor of 244576481 and 12429?
1381
What is the greatest common divisor of 1368192 and 150?
6
Calculate the highest common factor of 231 and 80454297.
231
Calculate the greatest common factor of 535 and 769009.
107
Calculate the greatest common factor of 21374975 and 1025.
25
What is the greatest common factor of 860 and 66239565?
215
Calculate the highest common divisor of 15554 and 1579438.
1414
Calculate the greatest common factor of 12283 and 55948.
71
What is the highest common divisor of 2248802 and 2139?
713
Calculate the greatest common divisor of 50 and 4514375.
25
Calculate the highest common factor of 3248 and 85386672.
3248
What is the highest common divisor of 1232 and 38395434?
154
What is the greatest common divisor of 3843 and 2139039?
63
What is the highest common divisor of 805 and 585896710?
805
Calculate the greatest common divisor of 60014 and 2246470.
1622
What is the greatest common divisor of 115500 and 378345?
165
What is the highest common divisor of 2076810 and 173715?
555
What is the highest common divisor of 102 and 276654600?
102
What is the highest common factor of 2659807 and 20229?
613
What is the highest common factor of 46 and 3230534?
46
What is the highest common divisor of 1327896 and 30?
6
Calculate the greatest common divisor of 31580137 and 356.
89
Calculate the highest common factor of 3388 and 64698403.
77
What is the greatest common factor of 14430 and 2818290?
1110
What is the greatest common factor of 12305139 and 6468?
231
What is the greatest common divisor of 16892 and 51179876?
412
What is the highest common factor of 123823 and 6041?
7
Calculate the highest common factor of 728 and 144911.
13
What is the greatest common divisor of 3276 and 12899484?
468
Calculate the highest common divisor of 27570452 and 8372.
364
Calculate the greatest common factor of 92 and 4814383.
23
Calculate the greatest common divisor of 25797 and 113489602.
8599
Calculate the highest common divisor of 342 and 6165158.
38
Calculate the highest common factor of 864492 and 1871724.
732
What is the highest common factor of 25558 and 79911?
13
What is the highest common divisor of 84 and 52101924?
84
What is the highest common divisor of 7 and 138808?
1
What is the greatest common divisor of 13315760 and 128?
16
Calculate the highest common factor of 28222304 and 2992.
176
What is the greatest common factor of 2414 and 1968546?
142
Calculate the highest common factor of 1718 and 3455757.
859
What is the highest common divisor of 16096976 and 336?
112
Calculate the greatest common divisor of 770491645 and 10934.
5467
What is the greatest common factor of 47321341 and 2?
1
What is the greatest common divisor of 388 and 228338?
194
Calculate the highest common divisor of 13127466 and 1221.
33
What is the highest common divisor of 3141 and 245943441?
3141
What is the highest common divisor of 75 and 11490325?
25
What is the highest common divisor of 122381538 and 102?
102
Calculate the highest common factor of 46392 and 847848594.
11598
Calculate the highest common divisor of 280 and 12234480.
40
Calculate the greatest common factor of 561 and 17162827.
11
What is the greatest common factor of 57277 and 351329?
451
Calculate the highest common factor of 4834 and 846745193.
2417
Calculate the greatest common divisor of 763730 and 4144316.
2882
What is the highest common divisor of 206494 and 1196?
46
Calculate the greatest common divisor of 1636299 and 893.
19
Calculate the highest common factor of 186 and 76255133.
31
What is the greatest common divisor of 1023469 and 320487?
337
What is the highest common divisor of 76280 and 3475?
5
Calculate the greatest common factor of 54 and 17084754.
18
Calculate the greatest common factor of 261 and 664344.
9
Calculate the greatest common divisor of 48 and 413845648.
16
Calculate the greatest common divisor of 79477642 and 755.
151
What is the highest common factor of 7418024 and 29248?
3656
What is the greatest common factor of 256 and 698128?
16
Calculate the greatest common divisor of 57646 and 59274.
74
What is the greatest common factor of 26122649 and 147?
7
Calculate the greatest common factor of 24679400 and 16.
8
What is the highest common divisor of 454398659 and 429?
143
What is the highest common divisor of 89563276 and 44?
44
What is the greatest common factor of 1187 and 151391?
1
What is the highest common divisor of 6453671 and 721?
721
What is the highest common divisor of 310854 and 67980?
618
Calculate the greatest common factor of 59549 and 479212.
47
Calculate the highest common divisor of 56 and 2735796.
28
Calculate the highest common factor of 4147 and 175110.
13
Calculate the greatest common divisor of 73200 and 3775.
25
What is the highest common factor of 1950393 and 276403?
3893
Calculate the highest common factor of 26832 and 204938344.
4472
What is the highest common divisor of 293072 and 19552?
208
Calculate the greatest common divisor of 2303373 and 1179.
393
Calculate the greatest common factor of 1476 and 12791139.
123
Calculate the highest common factor of 78621 and 3275516.
359
What is the highest common factor of 10793668 and 4?
4
Calculate the greatest common divisor of 4709 and 25517.
17
What is the greatest common divisor of 9 and 116809677?
9
Calculate the greatest common factor of 159705 and 8998353.
819
What is the highest common factor of 22808931 and 2727?
303
What is the highest common divisor of 2510408 and 8136?
904
Calculate the greatest common factor of 3450 and 583710.
30
Calculate the highest common divisor of 233067935 and 1070.
535
Calculate the highest common factor of 7074725 and 4725.
175
What is the highest common divisor of 39 and 117719771?
13
What is the highest common factor of 6807867 and 33?
33
What is the greatest common divisor of 10240 and 215240?
40
What is the highest common factor of 5143720 and 115?
115
Calculate the highest common factor of 874560 and 480.
480
What is the highest common factor of 281940 and 382780?
20
What is the greatest common factor of 142956 and 1510424?
1444
What is the highest common factor of 367031 and 3199?
7
Calculate the greatest common divisor of 864272 and 433200.
304
Calculate the greatest common factor of 9